{"id":6500,"date":"2021-03-25T10:01:02","date_gmt":"2021-03-25T10:01:02","guid":{"rendered":"https:\/\/valenciaswood.com\/?page_id=6500"},"modified":"2021-03-25T10:14:27","modified_gmt":"2021-03-25T10:14:27","slug":"mesa-de-centro-2","status":"publish","type":"page","link":"https:\/\/valenciaswood.com\/index.php\/mesa-de-centro-2\/","title":{"rendered":"Mesa de centro"},"content":{"rendered":"\n<p id=\"block-43dd4ca3-bc1c-4a4b-911b-fc728f03beb6\">Encuentra tu mesa ideal entre nuestras&nbsp;<a href=\"https:\/\/valenciaswood.com\/index.php\/categoria-producto\/mesas-acabadas\/\">mesas acabadas<\/a> y, si lo prefieres, te podemos hacer tu&nbsp;<a href=\"https:\/\/valenciaswood.com\/index.php\/especies-madera-mesa\/\">mesa a medida<\/a> eligiendo el tabl\u00f3n de madera maciza preferido y las caracter\u00edsticas de la mesa que mejor se adapten a tus necesidades.<\/p>\n\n\n\n<p id=\"block-94c5971f-99b1-4dcd-86c6-694340539658\">Puedes <a href=\"https:\/\/valenciaswood.com\/index.php\/especies-madera-mesa\/\">elegir tu tabl\u00f3n entre una amplia variedad de especies<\/a>. Cada uno es \u00fanico en sus medidas y forma. Si no encuentras la tabla del tama\u00f1o que necesitas, te la podemos cortar seg\u00fan tus necesidades.<\/p>\n\n\n\n<p id=\"block-ac05661e-7680-42d2-9d68-95c814c81717\">Despu\u00e9s, puedes elegir el acabado entre natural, brillo o mate, as\u00ed como&nbsp;elegir entre nuestras patas o comprar el tabl\u00f3n solo.<\/p>\n\n\n\n<p id=\"block-364d1ebf-a934-44b5-b5f6-bd33a0b8b43a\">Para cualquier consulta, no dudes en ponerte en contacto con nosotros. Te atenderemos encantados en el tel\u00e9fono <a href=\"tel:963975629\">963975629<\/a> o en Ctra. Benet\u00fasser, naves 68,70, 46200 de Paiporta, Valencia. Nuestro horario de atenci\u00f3n al cliente es de lunes a viernes de 08:00 a 13:30 y de 15:00 a 18:00 horas.<\/p>\n","protected":false},"excerpt":{"rendered":"<p>Encuentra tu mesa ideal entre nuestras&nbsp;mesas acabadas y, si lo prefieres, te podemos hacer tu&nbsp;mesa a medida eligiendo el tabl\u00f3n de madera maciza preferido y las caracter\u00edsticas de la mesa<span class=\"excerpt-hellip\"> [\u2026]<\/span><\/p>\n","protected":false},"author":2,"featured_media":0,"parent":0,"menu_order":0,"comment_status":"closed","ping_status":"closed","template":"","meta":{"footnotes":""},"class_list":["post-6500","page","type-page","status-publish","hentry"],"yoast_head":"<!-- This site is optimized with the Yoast SEO plugin v27.5 - https:\/\/yoast.com\/product\/yoast-seo-wordpress\/ -->\n<title>Mesa de centro de madera maciza - Valencia&#039;s Wood Luxury<\/title>\n<meta name=\"description\" content=\"Te realizamos tu mesa a medida. Aqu\u00ed puedes ver un trabajo realizado de una mesa de centro de madera maciza de Beli con cantos naturales.\" \/>\n<meta name=\"robots\" content=\"index, follow, max-snippet:-1, max-image-preview:large, max-video-preview:-1\" \/>\n<link rel=\"canonical\" href=\"https:\/\/valenciaswood.com\/index.php\/mesa-de-centro-2\/\" \/>\n<meta property=\"og:locale\" content=\"es_ES\" \/>\n<meta property=\"og:type\" content=\"article\" \/>\n<meta property=\"og:title\" content=\"Mesa de centro de madera maciza - Valencia&#039;s Wood Luxury\" \/>\n<meta property=\"og:description\" content=\"Te realizamos tu mesa a medida. Aqu\u00ed puedes ver un trabajo realizado de una mesa de centro de madera maciza de Beli con cantos naturales.\" \/>\n<meta property=\"og:url\" content=\"https:\/\/valenciaswood.com\/index.php\/mesa-de-centro-2\/\" \/>\n<meta property=\"og:site_name\" content=\"Valencia&#039;s Wood Luxury\" \/>\n<meta property=\"article:modified_time\" content=\"2021-03-25T10:14:27+00:00\" \/>\n<meta name=\"twitter:card\" content=\"summary_large_image\" \/>\n<script type=\"application\/ld+json\" class=\"yoast-schema-graph\">{\"@context\":\"https:\\\/\\\/schema.org\",\"@graph\":[{\"@type\":\"WebPage\",\"@id\":\"https:\\\/\\\/valenciaswood.com\\\/index.php\\\/mesa-de-centro-2\\\/\",\"url\":\"https:\\\/\\\/valenciaswood.com\\\/index.php\\\/mesa-de-centro-2\\\/\",\"name\":\"Mesa de centro de madera maciza - Valencia&#039;s Wood Luxury\",\"isPartOf\":{\"@id\":\"https:\\\/\\\/valenciaswood.com\\\/#website\"},\"datePublished\":\"2021-03-25T10:01:02+00:00\",\"dateModified\":\"2021-03-25T10:14:27+00:00\",\"description\":\"Te realizamos tu mesa a medida. Aqu\u00ed puedes ver un trabajo realizado de una mesa de centro de madera maciza de Beli con cantos naturales.\",\"breadcrumb\":{\"@id\":\"https:\\\/\\\/valenciaswood.com\\\/index.php\\\/mesa-de-centro-2\\\/#breadcrumb\"},\"inLanguage\":\"es\",\"potentialAction\":[{\"@type\":\"ReadAction\",\"target\":[\"https:\\\/\\\/valenciaswood.com\\\/index.php\\\/mesa-de-centro-2\\\/\"]}]},{\"@type\":\"BreadcrumbList\",\"@id\":\"https:\\\/\\\/valenciaswood.com\\\/index.php\\\/mesa-de-centro-2\\\/#breadcrumb\",\"itemListElement\":[{\"@type\":\"ListItem\",\"position\":1,\"name\":\"Portada\",\"item\":\"https:\\\/\\\/valenciaswood.com\\\/\"},{\"@type\":\"ListItem\",\"position\":2,\"name\":\"Mesa de centro\"}]},{\"@type\":\"WebSite\",\"@id\":\"https:\\\/\\\/valenciaswood.com\\\/#website\",\"url\":\"https:\\\/\\\/valenciaswood.com\\\/\",\"name\":\"Valencia's Wood Luxury\",\"description\":\"\",\"publisher\":{\"@id\":\"https:\\\/\\\/valenciaswood.com\\\/#organization\"},\"potentialAction\":[{\"@type\":\"SearchAction\",\"target\":{\"@type\":\"EntryPoint\",\"urlTemplate\":\"https:\\\/\\\/valenciaswood.com\\\/?s={search_term_string}\"},\"query-input\":{\"@type\":\"PropertyValueSpecification\",\"valueRequired\":true,\"valueName\":\"search_term_string\"}}],\"inLanguage\":\"es\"},{\"@type\":\"Organization\",\"@id\":\"https:\\\/\\\/valenciaswood.com\\\/#organization\",\"name\":\"Valencia's Wood\",\"url\":\"https:\\\/\\\/valenciaswood.com\\\/\",\"logo\":{\"@type\":\"ImageObject\",\"inLanguage\":\"es\",\"@id\":\"https:\\\/\\\/valenciaswood.com\\\/#\\\/schema\\\/logo\\\/image\\\/\",\"url\":\"https:\\\/\\\/i0.wp.com\\\/valenciaswood.com\\\/wp-content\\\/uploads\\\/2020\\\/01\\\/logo.png?fit=200%2C75&ssl=1\",\"contentUrl\":\"https:\\\/\\\/i0.wp.com\\\/valenciaswood.com\\\/wp-content\\\/uploads\\\/2020\\\/01\\\/logo.png?fit=200%2C75&ssl=1\",\"width\":200,\"height\":75,\"caption\":\"Valencia's Wood\"},\"image\":{\"@id\":\"https:\\\/\\\/valenciaswood.com\\\/#\\\/schema\\\/logo\\\/image\\\/\"}}]}<\/script>\n<!-- \/ Yoast SEO plugin. -->","yoast_head_json":{"title":"Mesa de centro de madera maciza - Valencia&#039;s Wood Luxury","description":"Te realizamos tu mesa a medida. Aqu\u00ed puedes ver un trabajo realizado de una mesa de centro de madera maciza de Beli con cantos naturales.","robots":{"index":"index","follow":"follow","max-snippet":"max-snippet:-1","max-image-preview":"max-image-preview:large","max-video-preview":"max-video-preview:-1"},"canonical":"https:\/\/valenciaswood.com\/index.php\/mesa-de-centro-2\/","og_locale":"es_ES","og_type":"article","og_title":"Mesa de centro de madera maciza - Valencia&#039;s Wood Luxury","og_description":"Te realizamos tu mesa a medida. Aqu\u00ed puedes ver un trabajo realizado de una mesa de centro de madera maciza de Beli con cantos naturales.","og_url":"https:\/\/valenciaswood.com\/index.php\/mesa-de-centro-2\/","og_site_name":"Valencia&#039;s Wood Luxury","article_modified_time":"2021-03-25T10:14:27+00:00","twitter_card":"summary_large_image","schema":{"@context":"https:\/\/schema.org","@graph":[{"@type":"WebPage","@id":"https:\/\/valenciaswood.com\/index.php\/mesa-de-centro-2\/","url":"https:\/\/valenciaswood.com\/index.php\/mesa-de-centro-2\/","name":"Mesa de centro de madera maciza - Valencia&#039;s Wood Luxury","isPartOf":{"@id":"https:\/\/valenciaswood.com\/#website"},"datePublished":"2021-03-25T10:01:02+00:00","dateModified":"2021-03-25T10:14:27+00:00","description":"Te realizamos tu mesa a medida. Aqu\u00ed puedes ver un trabajo realizado de una mesa de centro de madera maciza de Beli con cantos naturales.","breadcrumb":{"@id":"https:\/\/valenciaswood.com\/index.php\/mesa-de-centro-2\/#breadcrumb"},"inLanguage":"es","potentialAction":[{"@type":"ReadAction","target":["https:\/\/valenciaswood.com\/index.php\/mesa-de-centro-2\/"]}]},{"@type":"BreadcrumbList","@id":"https:\/\/valenciaswood.com\/index.php\/mesa-de-centro-2\/#breadcrumb","itemListElement":[{"@type":"ListItem","position":1,"name":"Portada","item":"https:\/\/valenciaswood.com\/"},{"@type":"ListItem","position":2,"name":"Mesa de centro"}]},{"@type":"WebSite","@id":"https:\/\/valenciaswood.com\/#website","url":"https:\/\/valenciaswood.com\/","name":"Valencia's Wood Luxury","description":"","publisher":{"@id":"https:\/\/valenciaswood.com\/#organization"},"potentialAction":[{"@type":"SearchAction","target":{"@type":"EntryPoint","urlTemplate":"https:\/\/valenciaswood.com\/?s={search_term_string}"},"query-input":{"@type":"PropertyValueSpecification","valueRequired":true,"valueName":"search_term_string"}}],"inLanguage":"es"},{"@type":"Organization","@id":"https:\/\/valenciaswood.com\/#organization","name":"Valencia's Wood","url":"https:\/\/valenciaswood.com\/","logo":{"@type":"ImageObject","inLanguage":"es","@id":"https:\/\/valenciaswood.com\/#\/schema\/logo\/image\/","url":"https:\/\/i0.wp.com\/valenciaswood.com\/wp-content\/uploads\/2020\/01\/logo.png?fit=200%2C75&ssl=1","contentUrl":"https:\/\/i0.wp.com\/valenciaswood.com\/wp-content\/uploads\/2020\/01\/logo.png?fit=200%2C75&ssl=1","width":200,"height":75,"caption":"Valencia's Wood"},"image":{"@id":"https:\/\/valenciaswood.com\/#\/schema\/logo\/image\/"}}]}},"jetpack_sharing_enabled":true,"_links":{"self":[{"href":"https:\/\/valenciaswood.com\/index.php\/wp-json\/wp\/v2\/pages\/6500","targetHints":{"allow":["GET"]}}],"collection":[{"href":"https:\/\/valenciaswood.com\/index.php\/wp-json\/wp\/v2\/pages"}],"about":[{"href":"https:\/\/valenciaswood.com\/index.php\/wp-json\/wp\/v2\/types\/page"}],"author":[{"embeddable":true,"href":"https:\/\/valenciaswood.com\/index.php\/wp-json\/wp\/v2\/users\/2"}],"replies":[{"embeddable":true,"href":"https:\/\/valenciaswood.com\/index.php\/wp-json\/wp\/v2\/comments?post=6500"}],"version-history":[{"count":1,"href":"https:\/\/valenciaswood.com\/index.php\/wp-json\/wp\/v2\/pages\/6500\/revisions"}],"predecessor-version":[{"id":6501,"href":"https:\/\/valenciaswood.com\/index.php\/wp-json\/wp\/v2\/pages\/6500\/revisions\/6501"}],"wp:attachment":[{"href":"https:\/\/valenciaswood.com\/index.php\/wp-json\/wp\/v2\/media?parent=6500"}],"curies":[{"name":"wp","href":"https:\/\/api.w.org\/{rel}","templated":true}]}}

<p id="block-43dd4ca3-bc1c-4a4b-911b-fc728f03beb6">Encuentra tu mesa ideal entre nuestras&nbsp;<a href="https://valenciaswood.com/index.php/categoria-producto/mesas-acabadas/">mesas acabadas</a> y, si lo prefieres, te podemos hacer tu&nbsp;<a href="https://valenciaswood.com/index.php/especies-madera-mesa/">mesa a medida</a> eligiendo el tablón de madera maciza preferido y las características de la mesa que mejor se adapten a tus necesidades.</p>



<p id="block-94c5971f-99b1-4dcd-86c6-694340539658">Puedes <a href="https://valenciaswood.com/index.php/especies-madera-mesa/">elegir tu tablón entre una amplia variedad de especies</a>. Cada uno es único en sus medidas y forma. Si no encuentras la tabla del tamaño que necesitas, te la podemos cortar según tus necesidades.</p>



<p id="block-ac05661e-7680-42d2-9d68-95c814c81717">Después, puedes elegir el acabado entre natural, brillo o mate, así como&nbsp;elegir entre nuestras patas o comprar el tablón solo.</p>



<p id="block-364d1ebf-a934-44b5-b5f6-bd33a0b8b43a">Para cualquier consulta, no dudes en ponerte en contacto con nosotros. Te atenderemos encantados en el teléfono <a href="tel:963975629">963975629</a> o en Ctra. Benetússer, naves 68,70, 46200 de Paiporta, Valencia. Nuestro horario de atención al cliente es de lunes a viernes de 08:00 a 13:30 y de 15:00 a 18:00 horas.</p>

<p>Encuentra tu mesa ideal entre nuestras&nbsp;mesas acabadas y, si lo prefieres, te podemos hacer tu&nbsp;mesa a medida eligiendo el tablón de madera maciza preferido y las características de la mesa<span class="excerpt-hellip"> […]</span></p>

<!-- This site is optimized with the Yoast SEO plugin v27.5 - https://yoast.com/product/yoast-seo-wordpress/ -->
<title>Mesa de centro de madera maciza - Valencia&#039;s Wood Luxury</title>
<meta name="description" content="Te realizamos tu mesa a medida. Aquí puedes ver un trabajo realizado de una mesa de centro de madera maciza de Beli con cantos naturales." />
<meta name="robots" content="index, follow, max-snippet:-1, max-image-preview:large, max-video-preview:-1" />
<link rel="canonical" href="https://valenciaswood.com/index.php/mesa-de-centro-2/" />
<meta property="og:locale" content="es_ES" />
<meta property="og:type" content="article" />
<meta property="og:title" content="Mesa de centro de madera maciza - Valencia&#039;s Wood Luxury" />
<meta property="og:description" content="Te realizamos tu mesa a medida. Aquí puedes ver un trabajo realizado de una mesa de centro de madera maciza de Beli con cantos naturales." />
<meta property="og:url" content="https://valenciaswood.com/index.php/mesa-de-centro-2/" />
<meta property="og:site_name" content="Valencia&#039;s Wood Luxury" />
<meta property="article:modified_time" content="2021-03-25T10:14:27+00:00" />
<meta name="twitter:card" content="summary_large_image" />
<script type="application/ld+json" class="yoast-schema-graph">{"@context":"https:\/\/schema.org","@graph":[{"@type":"WebPage","@id":"https:\/\/valenciaswood.com\/index.php\/mesa-de-centro-2\/","url":"https:\/\/valenciaswood.com\/index.php\/mesa-de-centro-2\/","name":"Mesa de centro de madera maciza - Valencia&#039;s Wood Luxury","isPartOf":{"@id":"https:\/\/valenciaswood.com\/#website"},"datePublished":"2021-03-25T10:01:02+00:00","dateModified":"2021-03-25T10:14:27+00:00","description":"Te realizamos tu mesa a medida. Aquí puedes ver un trabajo realizado de una mesa de centro de madera maciza de Beli con cantos naturales.","breadcrumb":{"@id":"https:\/\/valenciaswood.com\/index.php\/mesa-de-centro-2\/#breadcrumb"},"inLanguage":"es","potentialAction":[{"@type":"ReadAction","target":["https:\/\/valenciaswood.com\/index.php\/mesa-de-centro-2\/"]}]},{"@type":"BreadcrumbList","@id":"https:\/\/valenciaswood.com\/index.php\/mesa-de-centro-2\/#breadcrumb","itemListElement":[{"@type":"ListItem","position":1,"name":"Portada","item":"https:\/\/valenciaswood.com\/"},{"@type":"ListItem","position":2,"name":"Mesa de centro"}]},{"@type":"WebSite","@id":"https:\/\/valenciaswood.com\/#website","url":"https:\/\/valenciaswood.com\/","name":"Valencia's Wood Luxury","description":"","publisher":{"@id":"https:\/\/valenciaswood.com\/#organization"},"potentialAction":[{"@type":"SearchAction","target":{"@type":"EntryPoint","urlTemplate":"https:\/\/valenciaswood.com\/?s={search_term_string}"},"query-input":{"@type":"PropertyValueSpecification","valueRequired":true,"valueName":"search_term_string"}}],"inLanguage":"es"},{"@type":"Organization","@id":"https:\/\/valenciaswood.com\/#organization","name":"Valencia's Wood","url":"https:\/\/valenciaswood.com\/","logo":{"@type":"ImageObject","inLanguage":"es","@id":"https:\/\/valenciaswood.com\/#\/schema\/logo\/image\/","url":"https:\/\/i0.wp.com\/valenciaswood.com\/wp-content\/uploads\/2020\/01\/logo.png?fit=200%2C75&ssl=1","contentUrl":"https:\/\/i0.wp.com\/valenciaswood.com\/wp-content\/uploads\/2020\/01\/logo.png?fit=200%2C75&ssl=1","width":200,"height":75,"caption":"Valencia's Wood"},"image":{"@id":"https:\/\/valenciaswood.com\/#\/schema\/logo\/image\/"}}]}</script>
<!-- / Yoast SEO plugin. -->

Te realizamos tu mesa a medida. Aquí puedes ver un trabajo realizado de una mesa de centro de madera maciza de Beli con cantos naturales.
